791b?
25f7912
In base 8, what is 21462 + -57042?
-35360
In base 12, what is b088665 + -2?
b088663
In base 12, what is 0 - 652929?
-652929
In base 13, what is -31a - a44b?
-a768
In base 6, what is -2043115013 - 4?
-2043115021
In base 14, what is 13 - -acbbb?
acbd0
In base 10, what is 130183 - 124?
130059
In base 16, what is 501b03 - 1?
501b02
In base 3, what is -1 - -21122201100112?
21122201100111
In base 11, what is -5396448 - -3?
-5396445
In base 14, what is -8d202 + -19?
-8d21b
In base 10, what is -18694902 - 4?
-18694906
In base 14, what is 4 + -4189d4?
-4189d0
In base 5, what is 413200314 - -42?
413200411
In base 7, what is 3136 - 2344?
462
In base 8, what is 2604456 - -1?
2604457
In base 2, what is -101 + 100010000110110101110010?
100010000110110101101101
In base 14, what is -274a5d5 + 5?
-274a5d0
In base 14, what is -2402c0a - 5?
-2402c11
In base 2, what is 11000100001001 + 100101100001000?
111110000010001
In base 7, what is -1441020 - 14?
-1441034
In base 11, what is 1 + -126980a6?
-126980a5
In base 10, what is -57 + -353946?
-354003
In base 6, what is 44343212302 - -4?
44343212310
In base 7, what is -3351213130 + 1?
-3351213126
In base 10, what is 6877 - -198?
7075
In base 11, what is -65 + -263425?
-26348a
In base 10, what is -522040 + 718?
-521322
In base 16, what is 2 - 767d9d?
-767d9b
In base 15, what is 2357140 - -3?
2357143
In base 11, what is 2708989 + 201?
270908a
In base 13, what is a1a + -782a8?
-7758b
In base 13, what is -b0 - -102a?
c4a
In base 14, what is 215 + 11192b?
111b42
In base 7, what is 4 + 110530526?
110530533
In base 9, what is -188747 - -165?
-188572
In base 5, what is 1213310 - 13114?
1200141
In base 16, what is fe1 - 1339?
-358
In base 5, what is -10 - 10110011231?
-10110011241
In base 10, what is -8105977 + 4?
-8105973
In base 2, what is 10000011001101010 - 1101001101000?
1110110000000010
In base 14, what is 954bdb + 1c?
954c19
In base 9, what is 64436512 - -2?
64436514
In base 15, what is a9d743 + -1?
a9d742
In base 11, what is 2 + 2793143?
2793145
In base 16, what is -3 + 1f85712?
1f8570f
In base 11, what is -419 + -26816?
-27134
In base 8, what is 344 - 22333?
-21767
In base 6, what is -20505023 - -101?
-20504522
In base 12, what is 882a + 85?
88b3
In base 16, what is -3e + cd75f?
cd721
In base 12, what is 1 - -64a2b060?
64a2b061
In base 3, what is 2122212 + 212021?
10112010
In base 7, what is -3145404156 + 5?
-3145404151
In base 8, what is 3504357 - 5?
3504352
In base 3, what is -12212201 + -2112021101?
-2202011002
In base 9, what is -8 + 8253553?
8253544
In base 10, what is -440963 + -508?
-441471
In base 15, what is -3a4125 + 5?
-3a4120
In base 11, what is 3a85312 + -3?
3a8530a
In base 2, what is 10100001110 + 11001010011011100001?
11001010101111101111
In base 3, what is 1122 - 2212120102?
-2212111210
In base 12, what is 1a + 6b3499?
6b34b7
In base 14, what is 9 - -9785862?
978586b
In base 10, what is -414355 + 11?
-414344
In base 8, what is 5 - 16022737?
-16022732
In base 14, what is -4864 - 66d?
-50d3
In base 5, what is 321 + -3141443?
-3141122
In base 7, what is 65022 - -435603?
533625
In base 12, what is 368021 - -40?
368061
In base 14, what is -7528 - 447?
-7971
In base 8, what is -2325 + 62415?
60070
In base 7, what is -61 + 23321056?
23320665
In base 6, what is 13243020153 + -2?
13243020151
In base 10, what is -407405 - -235?
-407170
In base 3, what is 120001022 + 202210?
120211002
In base 10, what is 490 - 136760?
-136270
In base 15, what is -15 - -96a24?
96a0e
In base 3, what is -21100001220 + 20220011?
-21002011202
In base 5, what is 402231 + -34222?
313004
In base 8, what is -1 + 617000113?
617000112
In base 5, what is 30 + 114313331140?
114313331220
In base 6, what is 12135 - 51421?
-35242
In base 2, what is 1011010011000 - -1011010111?
1100101101111
In base 10, what is 34756716 + 5?
34756721
In base 7, what is 235122061 - 10?
235122051
In base 7, what is -65164412 - 6?
-65164421
In base 15, what is 430 - 25cb6?
-25886
In base 12, what is 21374 - a?
21366
In base 13, what is 19 + 267c1?
2680a
In base 7, what is 1 + -1624600261?
-1624600260
In base 10, what is -3 + 13338017?
13338014
In base 8, what is 7 + -22372025?
-22372016
In base 3, what is -200 - -2221010002010?
2221010001110
In base 9, what is -4 - 237008204?
-237008208
In base 10, what is 73425 + -2148?
71277
In base 4, what is 11110001230 + 110?
11110002000
In base 6, what is 40 - 2015402235?
-2015402155
In base 5, what is -204040034 + -31?
-204040120
In base 14, what is -12 - -6758c?
6757a
In base 15, what is -e3c9 + 35?
-e394
In base 7, what is 3 - -255365201?
255365204
In base 3, what is 101220210111010 + -122?
101220210110111
In base 16, what is -22b263 - -a9?
-22b1ba
In base 16, what is -77d4 - -24c?
-7588
In base 6, what is -1 + -1003240001?
-1003240002
In base 8, what is -17263 + 3242?
-14021
In base 12, what is 2 + -7a6475b?
-7a64759
In base 13, what is 9 - -751b2a?
751b36
In base 6, what is -4 - -20244542534?
20244542530
In base 4, what is -32 - 200223303?
-200230001
In base 4, what is 1001 + 1312003331?
1312010332
In base 10, what is -26 + -895231?
-895257
In base 3, what is -11000 + 10121211010?
10121200010
In base 3, what is 1002002111010 + 122112?
1002010010122
In base 12, what is 299ab01 + 5?
299ab06
In base 3, what is 2210012012112001 + 111?
2210012012112112
In base 16, what is 2 - 144bb2?
-144bb0
In base 2, what is -101100 - 100010011111100001001001?
-100010011111100001110101
In base 12, what is 4 - 46370a30?
-46370a28
In base 13, what is 110bb5 - b?
110ba7
In base 15, what is -65 - 443e?
-44a4
In base 2, what is 101110000011 + -1110010101110?
-1000100101011
In base 12, what is -732b8 + -63?
-7335b
In base 14, what is -2d23 - -13d2?
-1931
In base 12, what is b7 - 681?
-586
In base 15, what is -6582d19 + 3?
-6582d16
In base 2, what is 110100000 + -1101001001100110001?
-1101001000110010001
In base 16, what is 7af109 - -17?
7af120
In base 10, what is -13469 - 202?
-13671
In base 13, what is -19 - -104311?
1042c5
In base 6, what is -2330 - -3221051?
3214321
In base 16, what is -29 - 43d1a5?
-43d1ce
In base 10, what is 110 + -53325?
-53215
In base 13, what is 1730 - -4106?
5836
In base 6, what is -10425 + -1312?
-12141
In base 5, what is -34423210 + 1214?
-34421441
In base 6, what is -1343313 - -42435?
-1300434
In base 6, what is 200 - 20354541?
-20354341
In base 5, what is 30241 - -34113111?
34143402
In base 8, what is 30 - 5023424?
-5023374
In base 16, what is 148f + -885?
c0a
In base 9, what is 23434771 - 4?
23434766
In base 2, what is -11011001001000 - 111111000?
-11100001000000
In base 2, what is -10 + 111000000101101101110100110?
111000000101101101110100100
In base 7, what is 131 - -33234121?
33234252
In base 3, what is 1110010010101011 + 11?
1110010010101022
In base 2, what is 1000001110001110001 + 10101110?
1000001110100011111
In base 13, what is 17b - 142148?
-141c9a
In base 3, what is -2111221101210 + -2122?
-2111221111102
In base 3, what is -11 - 1002221001221022?
-1002221001221110
In base 12, what is -8 + -166352?
-16635a
In base 2, what is 10000 - -11111100100111010?
11111100101001010
In base 12, what is aa71b12 - 1?
aa71b11
In base 16, what is -226f + 18e7?
-988
In base 4, what is 2 + -3131213132110?
-3131213132102
In base 9, what is -5 - -3355130?
3355124
In base 10, what is 6919534 - -7?
6919541
In base 6, what is 13030402 - -1054?
13031500
In base 2, what is 101110 - 110100111000100101?
-110100110111110111
In base 12, what is -13 + 23ba732?
23ba71b
In base 12, what is -13a - 30837?
-30975
In base 11, what is -5214 - -2a920?
25707
In base 14, what is ca11b + 49?
ca166
In base 4, what is 3 + -1302312130111?
-1302312130102
In base 2, what is 1010101111101100001000 - 100010100?
1010101111100111110100
In base 8, what is -603356440 + 0?
-603356440
In base 8, what is -766 + 60657?
57671
In base 5, what is -42021140410 - 2?
-42021140412
In base 6, what is 22 - 251235030?
-251235004
In base 16, what is -d - c8ae6?
-c8af3
In base 10, what is -204 + -143498?
-143702
In base 11, what is -3 - -68aa761?
68aa759
In base 10, what is -169878 - -71?
-169807
In base 6, what is 15214 + 1321?
20535
In base 9, what is -4472775 + 4?
-4472771
In base 16, what is 324a05 + 2?
324a07
In base 3, what is 101210000020211 + -100?
1